 -5 (base 6) in base 14?
-5
What is 311 (base 4) in base 13?
41
-202 (base 3) to base 4
-110
Convert 89 (base 16) to base 7.
254
124 (base 10) to base 15
84
-11 (base 3) to base 13
-4
-135 (base 6) to base 8
-73
-184 (base 10) to base 4
-2320
Convert 16 (base 10) to base 14.
12
Convert d6 (base 16) to base 6.
554
What is -1120 (base 3) in base 5?
-132
What is 3 (base 12) in base 4?
3
Convert 10 (base 16) to base 15.
11
What is 32 (base 4) in base 2?
1110
Convert 42 (base 16) to base 6.
150
What is 24 (base 6) in base 5?
31
Convert 12 (base 9) to base 14.
b
What is -47 (base 8) in base 2?
-100111
Convert 67 (base 13) to base 14.
61
Convert 22 (base 4) to base 2.
1010
Convert 3 (base 5) to base 2.
11
4 (base 8) to base 15
4
What is 2 (base 9) in base 16?
2
-1 (base 16) to base 11
-1
c (base 15) to base 13
c
-213 (base 6) to base 12
-69
What is 206 (base 13) in base 2?
101011000
Convert -2210 (base 3) to base 11.
-69
What is -264 (base 9) in base 16?
-dc
Convert -41 (base 12) to base 16.
-31
0 (base 14) to base 3
0
Convert 15 (base 12) to base 4.
101
-5 (base 8) to base 12
-5
What is 0 (base 4) in base 5?
0
Convert -50 (base 6) to base 3.
-1010
What is 3 (base 13) in base 9?
3
Convert -3 (base 6) to base 3.
-10
What is -1 (base 5) in base 14?
-1
Convert -10 (base 5) to base 13.
-5
Convert 3 (base 10) to base 14.
3
What is 44 (base 15) in base 5?
224
-3a (base 14) to base 9
-57
What is 24 (base 6) in base 8?
20
Convert -d4 (base 16) to base 4.
-3110
Convert 10 (base 14) to base 2.
1110
Convert -1222 (base 3) to base 10.
-53
-57 (base 12) to base 14
-4b
-3 (base 14) to base 6
-3
-7 (base 14) to base 6
-11
4 (base 8) to base 7
4
Convert -2 (base 14) to base 6.
-2
Convert 32 (base 8) to base 7.
35
7 (base 11) to base 7
10
Convert 10 (base 4) to base 15.
4
What is 1001111 (base 2) in base 15?
54
58 (base 10) to base 3
2011
What is -16 (base 7) in base 9?
-14
32 (base 4) to base 7
20
Convert -3 (base 12) to base 14.
-3
Convert 0 (base 5) to base 6.
0
What is -1c (base 15) in base 13?
-21
Convert -133 (base 4) to base 10.
-31
What is 11 (base 5) in base 8?
6
-4 (base 7) to base 2
-100
-12100 (base 3) to base 9
-170
Convert 0 (base 7) to base 5.
0
-2 (base 13) to base 7
-2
What is -24 (base 8) in base 9?
-22
Convert -1 (base 12) to base 9.
-1
100012 (base 3) to base 16
f8
Convert 9 (base 13) to base 7.
12
Convert e2 (base 16) to base 2.
11100010
db (base 16) to base 7
432
-4 (base 11) to base 10
-4
Convert 104 (base 7) to base 13.
41
Convert 2 (base 9) to base 15.
2
Convert 8 (base 12) to base 11.
8
41 (base 12) to base 11
45
What is -d3 (base 16) in base 4?
-3103
What is -121 (base 4) in base 8?
-31
Convert 2 (base 14) to base 5.
2
What is 0 (base 7) in base 16?
0
Convert 43 (base 15) to base 10.
63
What is -48 (base 10) in base 3?
-1210
Convert -3 (base 10) to base 8.
-3
-341 (base 7) to base 14
-c8
Convert -12 (base 12) to base 13.
-11
1022 (base 4) to base 8
112
What is -4 (base 13) in base 3?
-11
-1 (base 5) to base 11
-1
Convert -249 (base 10) to base 11.
-207
-12 (base 4) to base 9
-6
Convert -3 (base 6) to base 7.
-3
Convert -20 (base 3) to base 4.
-12
Convert -101 (base 2) to base 13.
-5
Convert 5 (base 9) to base 13.
5
What is -13 (base 10) in base 3?
-111
Convert 44 (base 13) to base 7.
110
What is -3 (base 11) in base 14?
-3
What is -21 (base 4) in base 13?
-9
Convert -46 (base 9) to base 15.
-2c
Convert -4 (base 11) to base 6.
-4
2c (base 14) to base 13
31
Convert -354 (base 8) to base 7.
-455
Convert -30 (base 6) to base 13.
-15
Convert 5 (base 6) to base 12.
5
2 (base 9) to base 3
2
What is -1110111 (base 2) in base 13?
-92
Convert a3 (base 16) to base 4.
2203
What is 430 (base 8) in base 2?
100011000
What is 10 (base 14) in base 16?
e
-12 (base 6) to base 13
-8
-121 (base 11) to base 4
-2100
What is 5 (base 15) in base 10?
5
Convert -1220 (base 3) to base 10.
-51
Convert -5 (base 6) to base 7.
-5
-1120 (base 3) to base 13
-33
-190 (base 14) to base 4
-11002
What is -5 (base 7) in base 2?
-101
What is 111 (base 5) in base 4?
133
Convert -5 (base 7) to base 4.
-11
-40 (base 14) to base 4
-320
-105 (base 7) to base 3
-2000
-1 (base 7) to base 3
-1
What is 25 (base 6) in base 3?
122
What is -212 (base 4) in base 11?
-35
What is b (base 12) in base 4?
23
Convert -49 (base 14) to base 5.
-230
-43 (base 15) to base 2
-111111
1403 (base 6) to base 7
1026
-4 (base 5) to base 3
-11
What is -7 (base 15) in base 10?
-7
Convert 11 (base 2) to base 3.
10
Convert -2 (base 3) to base 4.
-2
What is 1 (base 6) in base 14?
1
1010110 (base 2) to base 4
1112
What is 2 (base 11) in base 6?
2
Convert -3 (base 9) to base 2.
-11
-3 (base 11) to base 6
-3
Convert 1010101 (base 2) to base 15.
5a
Convert 457 (base 9) to base 14.
1cc
-10 (base 12) to base 16
-c
What is -53 (base 16) in base 3?
-10002
Convert 6 (base 15) to base 8.
6
Convert -3 (base 13) to base 14.
-3
What is 12 (base 10) in base 13?
c
0 (base 2) to base 15
0
What is -33 (base 5) in base 13?
-15
What is -10011 (base 2) in base 7?
-25
What is -a (base 12) in base 13?
-a
3 (base 9) to base 16
3
-10 (base 14) to base 16
-e
Convert 32 (base 5) to base 6.
25
What is -2 (base 4) in base 13?
-2
Convert 2 (base 5) to base 11.
2
13 (base 8) to base 2
1011
Convert 10 (base 6) to base 9.
6
What is 18 (base 13) in base 11?
1a
Convert -3 (base 9) to base 3.
-10
23 (base 10) to base 4
113
Convert -5 (base 14) to base 15.
-5
Convert -49 (base 15) to base 11.
-63
Convert 4 (base 15) to base 6.
4
Convert -7 (base 14) to base 6.
-11
What is -133 (base 5) in base 16?
-2b
1 (base 8) to base 11
1
Convert -28 (base 15) to base 2.
-100110
21 (base 7) to base 14
11
Convert -13 (base 7) to base 16.
-a
What is 3 (base 11) in base 2?
11
What is -1 (base 4) in base 3?
-1
7 (base 11) to base 4
13
What is -b7 (base 16) in base 11?
-157
-13 (base 7) to base 16
-a
Convert -241 (base 5) to base 7.
-131
Convert -2 (base 7) to base 3.
-2
0 (base 3) to base 10
0
Convert -9 (base 13) to base 15.
-9
Convert 11002 (base 3) to base 11.
a0
240 (base 5) to base 6
154
22 (base 6) to base 13
11
What is 1 (base 9) in base 14?
1
Convert 1 (base 8) to base 12.
1
What is -22 (base 4) in base 5?
-20
Convert 11 (base 2) to base 3.
10
What is 24 (base 10) in base 15?
19
Convert -10 (base 2) to base 3.
-2
a (base 13) to base 12
a
Convert -10 (base 2) to base 16.
-2
70 (base 10) to base 3
2121
-62 (base 7) to base 9
-48
Convert 0 (base 13) to base 4.
0
Convert -121 (base 3) to base 15.
-11
What is 421 (base 7) in base 13?
133
Convert -3 (base 12) to base 5.
-3
20 (base 4) to base 12
8
What is 11 (base 9) in base 14?
a
-1 (base 14) to base 12
-1
2 (base 6) to base 13
2
What is -3 (base 8) in base 7?
-3
What is -47 (base 14) in base 3?
-2100
Convert 13 (base 4) to base 15.
7
What is -2 (base 14) in base 8?
-2
What is 2 (base 3) in base 7?
2
-2 (base 10) to base 15
-2
What is 51 (base 14) in base 2?
1000111
-130 (base 15) to base 5
-2040
Convert 8 (base 15) to base 14.
8
1400 (base 5) to base 3
22100
Convert -15 (base 10) to base 9.
-16
What is 15 (base 10) in base 6?
23
What is -4 (base 15) in base 6?
-4
Convert 142 (base 10) to base 6.
354
Convert 26 (base 10) to base 5.
101
Convert -265 (base 8) to base 14.
-cd
What is -54 (base 8) in base 7?
-62
1 (base 12) to base 5
1
What is 1 (base 6) in base 8?
1
1201 (base 3) to base 11
42
What is 21 (base 10) in base 12?
19
9 (base 16) to base 2
1001
What is -1 (base 8) in base 13?
-1
105 (base 9) to base 2
1010110
1 (base 11) to base 7
1
b (base 16) to base 13
b
-2 (base 8) to base 10
-2
What is -4 (base 8) in base 6?
-4
What is 151 (base 14) in base 8?
413
Convert 1 (base 12) to base 3.
1
-52 (base 6) to base 7
-44
Convert -20 (base 3) to base 10.
-6
-3 (base 14) to base 13
-3
What is 50 (base 9) in base 2?
101101
Convert -36 (base 14) to base 8.
-60
What is -11 (base 3) in base 13?
-4
What is -132 (base 5) in base 6?
-110
What is -2c (base 16) in base 4?
-230
-101 (base 9) to base 11
-75
What is -1 (base 7) in base 16?
-1
What is 36 (base 13) in base 2?
101101
What is 1a (base 12) in base 6?
34
3 (base 13) to base 10
3
What is -23 (base 4) in base 7?
-14
What is -11001 (base 2) in base 7?
-34
-1010 (base 3) to base 5
-110
Convert 0 (base 15) to base 14.
0
-10 (base 9) to base 8
-11
What is -a0 (base 16) 